{"id":864,"date":"2017-03-21T11:53:06","date_gmt":"2017-03-21T11:53:06","guid":{"rendered":"https:\/\/efrainarredondo.com.ar\/?page_id=864"},"modified":"2017-03-21T11:53:06","modified_gmt":"2017-03-21T11:53:06","slug":"procedimientos-esteticos","status":"publish","type":"page","link":"https:\/\/efrainarredondo.com.ar\/inicio\/procedimientos-esteticos\/","title":{"rendered":"Procedimientos Est\u00e9ticos"},"content":{"rendered":"<section class=\"wpb-content-wrapper\"><p>[vc_row bg_type=\u00bbimage\u00bb parallax_style=\u00bbvcpb-default\u00bb bg_image_new=\u00bb44|http:\/\/imedicaassets.brainstormforce.com\/13\/wp-content\/uploads\/sites\/15\/2015\/09\/about-header13.jpg\u00bb bg_override=\u00bbfull\u00bb css=\u00bb.vc_custom_1442036067035{margin-bottom: 0px !important;}\u00bb][vc_column][ult_animation_block animation=\u00bbfadeInLeft\u00bb animation_duration=\u00bb1&#8243; animation_delay=\u00bb0.5&#8243; animation_iteration_count=\u00bb1&#8243;][ult_content_box box_shadow=\u00bbhorizontal:px|vertical:px|blur:px|spread:px|color:rgb(247, 247, 247)|style:none|\u00bb hover_box_shadow=\u00bbhorizontal:px|vertical:px|blur:px|spread:px|color:rgb(247, 247, 247)|style:none|\u00bb][ultimate_spacer height=\u00bb186&#8243; height_on_tabs=\u00bb170&#8243; height_on_tabs_portrait=\u00bb170&#8243; height_on_mob_landscape=\u00bb155&#8243; height_on_mob=\u00bb155&#8243;][ultimate_heading sub_heading_color=\u00bb#ffffff\u00bb alignment=\u00bbleft\u00bb sub_heading_font_family=\u00bbfont_family:Josefin Sans|font_call:Josefin+Sans|variant:300&#8243; sub_heading_style=\u00bbfont-weight:300;\u00bb sub_heading_font_size=\u00bbdesktop:75px;tablet:55px;tablet_portrait:55px;mobile_landscape:35px;mobile:35px;\u00bb sub_heading_line_height=\u00bbdesktop:95px;tablet:75px;tablet_portrait:75px;mobile_landscape:45px;mobile:45px;\u00bb]PROCEDIMIENTOS<br \/>\nEST\u00c9TICOS[\/ultimate_heading][ultimate_spacer height=\u00bb186&#8243; height_on_tabs=\u00bb170&#8243; height_on_tabs_portrait=\u00bb170&#8243; height_on_mob_landscape=\u00bb155&#8243; height_on_mob=\u00bb155&#8243;][\/ult_content_box][\/ult_animation_block][\/vc_column][\/vc_row][vc_row full_width=\u00bbstretch_row_content_no_spaces\u00bb bg_type=\u00bbbg_color\u00bb bg_override=\u00bbfull\u00bb css=\u00bb.vc_custom_1441879419766{margin-top: 0px !important;margin-bottom: 0px !important;}\u00bb][vc_column width=\u00bb1\/2&#8243; css=\u00bb.vc_custom_1490989140250{margin-bottom: 0px !important;padding-bottom: 0px !important;background-image: url(https:\/\/efrainarredondo.com.ar\/inicio\/wp-content\/uploads\/2017\/03\/toxina-botulinica1.jpg?id=911) !important;background-position: center !important;background-repeat: no-repeat !important;background-size: cover !important;}\u00bb][ultimate_spacer height=\u00bb900&#8243; height_on_tabs=\u00bb800&#8243; height_on_tabs_portrait=\u00bb800&#8243; height_on_mob_landscape=\u00bb300&#8243; height_on_mob=\u00bb300&#8243;][\/vc_column][vc_column width=\u00bb1\/2&#8243; el_class=\u00bbmismoalto\u00bb][ult_content_box box_shadow=\u00bbhorizontal:px|vertical:px|blur:px|spread:px|color:#f7f7f7|style:none|\u00bb hover_box_shadow=\u00bbhorizontal:px|vertical:px|blur:px|spread:px|color:#f7f7f7|style:none|\u00bb responsive_margin=\u00bbmargin:6%;\u00bb margin=\u00bbmargin-right:12%;margin-left:12%;\u00bb][ult_animation_block animation=\u00bbfadeInRight\u00bb animation_duration=\u00bb1&#8243; animation_delay=\u00bb0.7&#8243; animation_iteration_count=\u00bb1&#8243;][ultimate_spacer height=\u00bb60&#8243; height_on_tabs=\u00bb120&#8243; height_on_tabs_portrait=\u00bb120&#8243; height_on_mob_landscape=\u00bb40&#8243; height_on_mob=\u00bb40&#8243;][ultimate_heading main_heading_color=\u00bb#000000&#8243; sub_heading_color=\u00bb#000000&#8243; alignment=\u00bbleft\u00bb spacer=\u00bbline_only\u00bb spacer_position=\u00bbbottom\u00bb line_height=\u00bb3&#8243; line_color=\u00bb#97c0d7&#8243; main_heading_font_family=\u00bbfont_family:Josefin Sans|font_call:Josefin+Sans|variant:300&#8243; main_heading_font_size=\u00bbdesktop:100px;\u00bb main_heading_style=\u00bbfont-weight:300;\u00bb main_heading_line_height=\u00bbdesktop:100px;\u00bb sub_heading_font_family=\u00bbfont_family:Josefin Sans|font_call:Josefin+Sans|variant:300&#8243; sub_heading_style=\u00bbfont-weight:300;\u00bb sub_heading_font_size=\u00bbdesktop:45px;tablet:45px;tablet_portrait:45px;mobile_landscape:35px;mobile:35px;\u00bb sub_heading_line_height=\u00bbdesktop:45px;tablet:45px;tablet_portrait:45px;mobile_landscape:45px;mobile:45px;\u00bb line_width=\u00bb360&#8243; spacer_margin=\u00bbmargin-top:30px;\u00bb margin_design_tab_text=\u00bb\u00bb]TOXINA BOTUL\u00cdNICA[\/ultimate_heading][\/ult_animation_block][ult_animation_block animation=\u00bbfadeInRight\u00bb animation_duration=\u00bb1&#8243; animation_delay=\u00bb0.8&#8243; animation_iteration_count=\u00bb1&#8243;][ultimate_heading sub_heading_color=\u00bb#3a4d60&#8243; alignment=\u00bbleft\u00bb sub_heading_font_family=\u00bbfont_family:Josefin Sans|font_call:Josefin+Sans|variant:regular\u00bb sub_heading_style=\u00bbfont-weight:normal;font-style:normal;\u00bb sub_heading_font_size=\u00bbdesktop:15px;\u00bb sub_heading_line_height=\u00bbdesktop:26px;\u00bb sub_heading_margin=\u00bbmargin-top:13px;\u00bb]Las reiteradas contracciones de los m\u00fasculos faciales, con el paso del tiempo producen l\u00edneas de expresi\u00f3n o arrugas m\u00e1s o menos profundas, a nivel de la frente, periorbiculares o \u201cpatas de gallo\u201d y el entrecejo, entre otras.<br \/>\nLa aplicaci\u00f3n de toxina botul\u00ednica tipo A, se realiza estrat\u00e9gicamente en el m\u00fasculo responsable de la l\u00ednea o arruga de expresi\u00f3n, causa su relajaci\u00f3n temporal y brinda al rostro una apariencia m\u00e1s descansada, rejuvenecida y agradable.<br \/>\nCorrectamente aplicado, el resultado es muy natural.<br \/>\nLuego de la aplicaci\u00f3n de toxina botul\u00ednica tipo A , los efectos se aprecian a partir de las 72 hs. y se completan en 10 d\u00edas. La duraci\u00f3n total del efecto var\u00eda entre 3 a 6 meses.<br \/>\nEl procedimiento se realiza en el consultorio en pocos minutos, no requiere anestesia ni tiempo de recuperaci\u00f3n.[\/ultimate_heading][ultimate_spacer height=\u00bb20&#8243; height_on_tabs=\u00bb20&#8243; height_on_tabs_portrait=\u00bb20&#8243; height_on_mob_landscape=\u00bb20&#8243; height_on_mob=\u00bb20&#8243;][vc_tta_accordion active_section=\u00bb\u00bb collapsible_all=\u00bbtrue\u00bb][vc_tta_section title=\u00bbRellenos Faciales: Lbios, P\u00f3mulos y Ment\u00f3n\u00bb tab_id=\u00bb1491226206539-f61577e8-d3ad\u00bb][vc_column_text]Diversos tipos de rellenos faciales pueden inyectarse en la dermis para la correcci\u00f3n de l\u00edneas, arrugas y surcos. Tambi\u00e9n los utilizamos con gran \u00e9xito para dar volumen a los labios, p\u00f3mulos o el modelado facial. Es posible tambi\u00e9n rejuvenecer las manos con este tipo de implantes inyectables.<br \/>\nDepender\u00e1 de la evaluaci\u00f3n m\u00e9dica, las preferencias del m\u00e9dico y el paciente, qu\u00e9 sustancia utilizar.<br \/>\nDisponemos de productos como el \u00e1cido hialur\u00f3nico, componente natural de nuestro organismo que fusiona el agua con los tejidos, dando a la piel firmeza y volumen.<br \/>\nSe trata de \u00e1cido hialur\u00f3nico estabilizado, biodegradable, no requiere test de alergia pues es totalmente \u201cno animal\u201d y no existe riesgo de transmitir enfermedades ni de provocar reacciones al\u00e9rgicas.<br \/>\nNo es permanente. Su duraci\u00f3n es de varios meses, dependiendo de factores tales como la edad del paciente, tipo de piel, estilo de vida, actividad muscular y la estructura individual de la piel. Por lo tanto requiere tratamientos de mantenimiento.<br \/>\nUsualmente cada 6 a 12 meses.<br \/>\nEl col\u00e1geno, es la m\u00e1s abundante prote\u00edna natural en el cuerpo, y provee apoyo estructural a la piel, los m\u00fasculos, tendones y huesos.<br \/>\nLos productos de relleno a base de col\u00e1geno, son una alternativa. Como son de origen animal, requieren test de alergia para evitar ser rechazados por nuestro organismo.<br \/>\nLa duraci\u00f3n del efecto no llega a un a\u00f1o.<br \/>\nLos metacrilatos constituyen un interesante grupo de sustancias de relleno que ya vienen combinadas con \u00e1cido hialur\u00f3nico, col\u00e1geno u otras sustancias<br \/>\nTienen la particularidad de ser retenidos indefinidamente por la dermis. Esto permite la correcci\u00f3n de arrugas, l\u00edneas, surcos o el modelado de la cara con un prolongado efecto.<br \/>\nOtra alternativa la constituye la hidroxiapatita de calcio, implante inyectable, biocompatible, que normalmente se encuentra en nuestro organismo y no requiere test de alergia previa. No es permanente, pero su efecto es de larga duraci\u00f3n, aproximadamente 2 a\u00f1os..[\/vc_column_text][\/vc_tta_section][\/vc_tta_accordion][ultimate_spacer height=\u00bb40&#8243; height_on_tabs=\u00bb38&#8243; height_on_tabs_portrait=\u00bb38&#8243; height_on_mob_landscape=\u00bb32&#8243; height_on_mob=\u00bb32&#8243;][\/ult_animation_block][ult_animation_block animation=\u00bbfadeInRight\u00bb animation_duration=\u00bb1&#8243; animation_delay=\u00bb0.9&#8243; animation_iteration_count=\u00bb1&#8243;][\/ult_animation_block][\/ult_content_box][\/vc_column][\/vc_row]<\/p>\n<\/section>","protected":false},"excerpt":{"rendered":"<p>[vc_row bg_type=\u00bbimage\u00bb parallax_style=\u00bbvcpb-default\u00bb bg_image_new=\u00bb44|http:\/\/imedicaassets.brainstormforce.com\/13\/wp-content\/uploads\/sites\/15\/2015\/09\/about-header13.jpg\u00bb bg_override=\u00bbfull\u00bb css=\u00bb.vc_custom_1442036067035{margin-bottom: 0px !important;}\u00bb][vc_column][ult_animation_block animation=\u00bbfadeInLeft\u00bb animation_duration=\u00bb1&#8243; animation_delay=\u00bb0.5&#8243; animation_iteration_count=\u00bb1&#8243;][ult_content_box box_shadow=\u00bbhorizontal:px|vertical:px|blur:px|spread:px|color:rgb(247, 247, 247)|style:none|\u00bb hover_box_shadow=\u00bbhorizontal:px|vertical:px|blur:px|spread:px|color:rgb(247, 247, 247)|style:none|\u00bb][ultimate_spacer height=\u00bb186&#8243; height_on_tabs=\u00bb170&#8243; height_on_tabs_portrait=\u00bb170&#8243; height_on_mob_landscape=\u00bb155&#8243; height_on_mob=\u00bb155&#8243;][ultimate_heading sub_heading_color=\u00bb#ffffff\u00bb alignment=\u00bbleft\u00bb sub_heading_font_family=\u00bbfont_family:Josefin Sans|font_call:Josefin+Sans|variant:300&#8243; sub_heading_style=\u00bbfont-weight:300;\u00bb sub_heading_font_size=\u00bbdesktop:75px;tablet:55px;tablet_portrait:55px;mobile_landscape:35px;mobile:35px;\u00bb sub_heading_line_height=\u00bbdesktop:95px;tablet:75px;tablet_portrait:75px;mobile_landscape:45px;mobile:45px;\u00bb]PROCEDIMIENTOS EST\u00c9TICOS[\/ultimate_heading][ultimate_spacer height=\u00bb186&#8243; height_on_tabs=\u00bb170&#8243; height_on_tabs_portrait=\u00bb170&#8243; height_on_mob_landscape=\u00bb155&#8243; height_on_mob=\u00bb155&#8243;][\/ult_content_box][\/ult_animation_block][\/vc_column][\/vc_row][vc_row full_width=\u00bbstretch_row_content_no_spaces\u00bb bg_type=\u00bbbg_color\u00bb bg_override=\u00bbfull\u00bb css=\u00bb.vc_custom_1441879419766{margin-top: 0px !important;margin-bottom: 0px !important;}\u00bb][vc_column width=\u00bb1\/2&#8243; css=\u00bb.vc_custom_1490989140250{margin-bottom: 0px !important;padding-bottom: 0px !important;background-image: url(https:\/\/efrainarredondo.com.ar\/inicio\/wp-content\/uploads\/2017\/03\/toxina-botulinica1.jpg?id=911) !important;background-position: center !important;background-repeat: no-repeat [&hellip;]<\/p>\n","protected":false},"author":2,"featured_media":0,"parent":0,"menu_order":0,"comment_status":"closed","ping_status":"closed","template":"","meta":{"_joinchat":[],"footnotes":""},"class_list":["post-864","page","type-page","status-publish","hentry"],"_links":{"self":[{"href":"https:\/\/efrainarredondo.com.ar\/inicio\/wp-json\/wp\/v2\/pages\/864","targetHints":{"allow":["GET"]}}],"collection":[{"href":"https:\/\/efrainarredondo.com.ar\/inicio\/wp-json\/wp\/v2\/pages"}],"about":[{"href":"https:\/\/efrainarredondo.com.ar\/inicio\/wp-json\/wp\/v2\/types\/page"}],"author":[{"embeddable":true,"href":"https:\/\/efrainarredondo.com.ar\/inicio\/wp-json\/wp\/v2\/users\/2"}],"replies":[{"embeddable":true,"href":"https:\/\/efrainarredondo.com.ar\/inicio\/wp-json\/wp\/v2\/comments?post=864"}],"version-history":[{"count":1,"href":"https:\/\/efrainarredondo.com.ar\/inicio\/wp-json\/wp\/v2\/pages\/864\/revisions"}],"predecessor-version":[{"id":15391,"href":"https:\/\/efrainarredondo.com.ar\/inicio\/wp-json\/wp\/v2\/pages\/864\/revisions\/15391"}],"wp:attachment":[{"href":"https:\/\/efrainarredondo.com.ar\/inicio\/wp-json\/wp\/v2\/media?parent=864"}],"curies":[{"name":"wp","href":"https:\/\/api.w.org\/{rel}","templated":true}]}}